tors of 357515.
5, 71503
List the prime factors of 5204954.
2, 2602477
List the prime factors of 12769147.
1367, 9341
List the prime factors of 382454.
2, 191227
List the prime factors of 235461.
3, 78487
List the prime factors of 1988079.
3, 662693
List the prime factors of 4929623.
29, 169987
What are the prime factors of 2235118?
2, 859, 1301
List the prime factors of 8223745.
5, 53, 31033
What are the prime factors of 451718?
2, 225859
What are the prime factors of 327216?
2, 3, 17, 401
What are the prime factors of 227707?
227707
List the prime factors of 1238.
2, 619
List the prime factors of 1248023.
7, 178289
List the prime factors of 458671.
523, 877
List the prime factors of 715941.
3, 79549
What are the prime factors of 1580191?
311, 5081
List the prime factors of 2243.
2243
List the prime factors of 1508536.
2, 101, 1867
List the prime factors of 255650.
2, 5, 5113
What are the prime factors of 2078860?
2, 5, 7, 31, 479
What are the prime factors of 5719105?
5, 7, 163403
What are the prime factors of 1524844?
2, 37, 10303
What are the prime factors of 3830894?
2, 19, 73, 1381
What are the prime factors of 10286466?
2, 3, 1714411
List the prime factors of 7739764.
2, 19, 101839
List the prime factors of 19118643.
3, 6372881
List the prime factors of 26066872.
2, 13, 250643
What are the prime factors of 102170?
2, 5, 17, 601
What are the prime factors of 29971860?
2, 3, 5, 43, 11617
What are the prime factors of 16330842?
2, 3, 11, 19, 1447
What are the prime factors of 90921?
3, 30307
What are the prime factors of 1033743?
3, 37, 67, 139
What are the prime factors of 7327728?
2, 3, 151, 337
What are the prime factors of 11442246?
2, 3, 1907041
What are the prime factors of 947655?
3, 5, 21059
List the prime factors of 5832947.
41, 113, 1259
List the prime factors of 37077.
3, 17, 727
List the prime factors of 2916139.
19, 31, 4951
What are the prime factors of 2805778?
2, 71, 19759
List the prime factors of 1416224.
2, 44257
List the prime factors of 541215.
3, 5, 19, 211
List the prime factors of 217994.
2, 7, 23, 677
What are the prime factors of 179205?
3, 5, 13, 919
List the prime factors of 926993.
17, 31, 1759
List the prime factors of 403845.
3, 5, 13, 19, 109
What are the prime factors of 25594177?
7, 53, 149, 463
What are the prime factors of 242042?
2, 121021
What are the prime factors of 1034403?
3, 344801
List the prime factors of 19184679.
3, 41, 51991
What are the prime factors of 502951?
461, 1091
What are the prime factors of 971874?
2, 3, 53993
What are the prime factors of 460521?
3, 51169
What are the prime factors of 344761?
307, 1123
List the prime factors of 133060.
2, 5, 6653
List the prime factors of 5037583.
823, 6121
What are the prime factors of 141209?
141209
List the prime factors of 3103365.
3, 5, 19, 10889
What are the prime factors of 1004251?
251, 4001
List the prime factors of 438915.
3, 5, 29, 1009
What are the prime factors of 620369?
19, 103, 317
What are the prime factors of 90094?
2, 107, 421
What are the prime factors of 482333?
23, 67, 313
List the prime factors of 354446.
2, 177223
List the prime factors of 1231841.
13, 37, 197
What are the prime factors of 3066?
2, 3, 7, 73
List the prime factors of 362657.
362657
List the prime factors of 8859425.
5, 354377
List the prime factors of 5966489.
29, 283, 727
What are the prime factors of 1559956?
2, 389989
List the prime factors of 326620.
2, 5, 7, 2333
What are the prime factors of 3224503?
269, 11987
List the prime factors of 3291378.
2, 3, 421, 1303
What are the prime factors of 473135?
5, 13, 29, 251
List the prime factors of 1459430.
2, 5, 7, 20849
List the prime factors of 6246751.
7, 349, 2557
What are the prime factors of 4623544?
2, 659, 877
What are the prime factors of 8664728?
2, 941, 1151
What are the prime factors of 3094503?
3, 29, 35569
List the prime factors of 471468.
2, 3, 101, 389
List the prime factors of 1027239.
3, 342413
List the prime factors of 336173.
379, 887
List the prime factors of 69732.
2, 3, 13, 149
What are the prime factors of 1051033?
881, 1193
List the prime factors of 632885.
5, 11, 37, 311
What are the prime factors of 1851190?
2, 5, 11, 16829
List the prime factors of 4723582.
2, 151, 15641
List the prime factors of 1634913.
3, 7, 25951
What are the prime factors of 1641527?
337, 4871
List the prime factors of 768289.
67, 11467
List the prime factors of 2628070.
2, 5, 262807
What are the prime factors of 129601?
29, 41, 109
What are the prime factors of 1554718?
2, 11, 17, 4157
What are the prime factors of 257560?
2, 5, 47, 137
What are the prime factors of 393299?
393299
List the prime factors of 1384295.
5, 11, 25169
List the prime factors of 2590322.
2, 7, 53, 3491
List the prime factors of 2183466.
2, 3, 363911
What are the prime factors of 448580?
2, 5, 11, 2039
List the prime factors of 476160.
2, 3, 5, 31
List the prime factors of 173293.
173293
List the prime factors of 652086.
2, 3, 17, 2131
List the prime factors of 100065.
3, 5, 7, 953
What are the prime factors of 1140833?
43, 617
What are the prime factors of 210088?
2, 26261
What are the prime factors of 269656?
2, 37, 911
What are the prime factors of 10676055?
3, 5, 13, 53, 1033
List the prime factors of 4771370.
2, 5, 29, 16453
What are the prime factors of 1507500?
2, 3, 5, 67
What are the prime factors of 2002679?
7, 23, 1777
List the prime factors of 8106102.
2, 3, 43, 3491
List the prime factors of 2011289.
7, 287327
List the prime factors of 16300647.
3, 11, 164653
What are the prime factors of 31206079?
31206079
What are the prime factors of 6147639?
3, 683071
What are the prime factors of 205601?
11, 18691
List the prime factors of 675815.
5, 7, 19309
List the prime factors of 16478287.
7, 17, 59, 2347
What are the prime factors of 174146?
2, 7, 1777
What are the prime factors of 842419?
842419
What are the prime factors of 841667?
29, 29023
What are the prime factors of 21280263?
3, 743, 9547
List the prime factors of 310961.
7, 31, 1433
List the prime factors of 1049193.
3, 12953
What are the prime factors of 8433834?
2, 3, 19, 167, 443
List the prime factors of 12286478.
2, 17, 31, 11657
What are the prime factors of 8657291?
8657291
List the prime factors of 1083309.
3, 193, 1871
List the prime factors of 144432.
2, 3, 17, 59
List the prime factors of 1070866.
2, 83, 6451
List the prime factors of 5908864.
2, 13, 53, 67
List the prime factors of 315480.
2, 3, 5, 11, 239
What are the prime factors of 693656?
2, 31, 2797
What are the prime factors of 4414179?
3, 7, 11, 97, 197
List the prime factors of 231506.
2, 11, 17, 619
What are the prime factors of 724410?
2, 3, 5, 2683
List the prime factors of 314075.
5, 17, 739
What are the prime factors of 345552?
2, 3, 23, 313
List the prime factors of 423135.
3, 5, 9403
List the prime factors of 809927.
419, 1933
List the prime factors of 181406.
2, 90703
What are the prime factors of 1010235?
3, 5, 67349
What are the prime factors of 2311396?
2, 577849
List the prime factors of 47967.
3, 59, 271
What are the prime factors of 4766610?
2, 3, 5, 59, 2693
List the prime factors of 750959.
11, 233, 293
What are the prime factors of 105527?
105527
List the prime factors of 10167278.
2, 11, 462149
List the prime factors of 6397882.
2, 17, 11069
List the prime factors of 51060.
2, 3, 5, 23, 37
What are the prime factors of 16938559?
11, 1539869
What are the prime factors of 5519422?
2, 2759711
List the prime factors of 1884131.
43, 1019
List the prime factors of 268335.
3, 5, 67, 89
List the prime factors of 1913961.
3, 7, 91141
List the prime factors of 1406118.
2, 3, 7, 33479
List the prime factors of 559597.
559597
What are the prime factors of 129889?
193, 673
List the prime factors of 2770419.
3, 23, 40151
List the prime factors of 5884634.
2, 7, 420331
What are the prime factors of 761585?
5, 11, 61, 227
List the prime factors of 27894544.
2, 31, 56239
What are the prime factors of 15990240?
2, 3, 5, 7, 4759
What are the prime factors of 20964080?
2, 5, 262051
List the prime factors of 813650.
2, 5, 16273
What are the prime factors of 30220340?
2, 5, 1511017
List the prime factors of 5835056.
2, 364691
List the prime factors of 3434378.
2, 317, 5417
What are the prime factors o